t of p?
5
Suppose -4*p - 3*j + 2*j = -17, 6 = -3*p + 3*j. Suppose -2*k = p*m + 99, 2*m + 5*k = -0*m - 66. Let l = m + 55. What is the units digit of l?
2
Let f(q) = 47*q**2 + 6*q - 91. What is the units digit of f(7)?
4
Suppose -3*u + 2*u + 41 = -5*l, -4*l - 30 = 2*u. Let z be (-6)/(-3*l/(-732)). Suppose -2*t + 109 = 7*i - 2*i, 4*t + 3*i = z. What is the units digit of t?
2
What is the hundreds digit of 17255/51 + (-2)/6?
3
Suppose -3024 = -21*y + 12*y. What is the tens digit of y?
3
Let i be (-4)/5*(1 + 4). Let a be 2/((-2)/(-3)) + -17 + 18. What is the units digit of 25 - (-2)/(i/a)?
3
Let u(l) = 18*l**2 - 2*l - 1. What is the tens digit of u(5)?
3
Suppose -7*p + 12*p + 5 = 0. Suppose 0 = 5*s + 5. What is the units digit of 0 + p + (-27)/s?
6
Let m be 4/(-18) - (-948)/(-108). Suppose -3*t + 52 = 4*q - 15, -3*t = 5*q - 80. Let h = q + m. What is the units digit of h?
4
Let w be (-17)/(-5 + (-72)/(-15)). Suppose w*p - 21 = 84*p. What is the units digit of p?
1
Let h be (0 + -1 - -6)/(-1). Let g(k) = 6*k**2 + 6*k + 4. Let u(r) = 5*r**2 + 5*r + 2. Let z(q) = -4*g(q) + 5*u(q). What is the units digit of z(h)?
4
Let u(z) = -10*z - 1. Let c(y) = 21*y + 1. Let v(r) = 3*c(r) + 7*u(r). What is the units digit of v(-8)?
2
Suppose 22*d = 11*d + 24585. What is the tens digit of d?
3
Suppose 0 = -413*d + 402*d + 26620. What is the units digit of d?
0
Let k(x) be the first derivative of 2*x**3/3 + x**2 - 3*x - 11. What is the tens digit of k(-4)?
2
Let i(z) = 9*z - 29. Let f be i(7). Suppose -3*m + 53 = -f. What is the units digit of m?
9
Let r be (-2 - -2)*2*(-3)/12. Suppose 0 = -3*y + 3*f + 552, r*y - 174 = -y - 4*f. What is the units digit of y?
2
Let t(z) = 2*z**2 + 2*z - 6. Let o be 64/(-14) - (-18)/(-42). What is the tens digit of t(o)?
3
Suppose -521 - 71 = -2*u. Suppose u = -7*x + 11*x. What is the tens digit of x?
7
Suppose 5*x + 5*s = 7 - 17, 0 = -3*s - 3. Let c be (4*3 - x) + -3. Suppose 87 = 3*r + 2*z, 5*r - z - 122 = c. What is the tens digit of r?
2
Let t be (-3281)/(-136) + (-2)/16. Let d = 162 + t. What is the tens digit of d?
8
Suppose 8*p + 0*p = 856. What is the units digit of p?
7
Suppose 52*n - 53*n - 6 = 0. What is the tens digit of 3/n*-66 + 1?
3
Let t(q) = q**3 - 5*q**2 + 2*q - 2. Let n(i) = -i**3 + 3*i**2 + i + 2. Let h be n(3). What is the units digit of t(h)?
8
Let x = 9762 + -5749. What is the tens digit of x?
1
Let g(o) = 10*o**2 - 16*o + 53. What is the tens digit of g(-10)?
1
Let z = 99 + -195. Let c be z/10 - 6/15. What is the units digit of (-190)/(-50) + 8/c?
3
Let a(q) = q**3 + 16*q**2 + 29*q + 16. Let d be a(-14). Suppose -298 + 0 = -d*w. What is the units digit of w?
9
Suppose -r - 9 + 13 = 0. Suppose j + 48 = -r*k, 24 = 2*k - 4*k + 4*j. What is the tens digit of -6*4/16*k?
1
Suppose -35*g - 2904 + 72134 = 0. What is the hundreds digit of g?
9
Suppose -3*v + 21716 = 5*j - v, 3*j + 2*v - 13028 = 0. What is the units digit of j?
4
Suppose r + 11 = 19. Suppose 9*o - r*o = 218. What is the units digit of o?
8
Suppose 448 = -3*u + 7*u + 3*q, -5*u + 2*q + 583 = 0. What is the hundreds digit of u?
1
Let y = -61 + 27. Let d be ((-3)/(-6) + -2)*2. Let h = d - y. What is the units digit of h?
1
Suppose 3*u + 27 - 6 = 0. Let s = 11 + u. Suppose -s*f = 27 - 143. What is the units digit of f?
9
Suppose -12*f + 2215 = -7*f. Suppose -4*i = 135 - f. What is the units digit of i?
7
What is the tens digit of 552/(4 - 3) + 0 + 1?
5
Suppose 0 = 13*b + 43 + 74. Let z = -35 + 50. Let l = z + b. What is the units digit of l?
6
What is the hundreds digit of (120/80)/(2/944)?
7
Suppose 0 = -4*y + 3*t + 5411, 5*t = -4*y + 1988 + 3447. What is the hundreds digit of y?
3
Let o = 9 + -4. Suppose -3*r + p - 53 = -o*r, -5*r + 3*p = -105. What is the tens digit of r?
2
Suppose -5*x - 2484 = 2*h, 2*h = -3*x - 378 - 2106. Let y(i) = 11*i + 4. Let d be y(-2). What is the tens digit of ((-2)/(-3))/(d/h)?
4
Suppose -5*v - 25 = 2*f, 4*f - 3*v + 8 = -3. Let m(a) = a**2 + 4. What is the units digit of m(f)?
9
Let g(o) = -o**3 + 4*o**2 + o + 1. Let u be g(4). Suppose -11 = -u*s + 54. What is the units digit of s?
3
Let a = 30 - -129. What is the tens digit of a?
5
Let x(j) = -j**2 + 59*j - 371. What is the tens digit of x(51)?
3
Let b be 2/(-4)*(2 + -28). Let i(o) be the third derivative of o**4/8 - 17*o**3/6 + 61*o**2 + 2. What is the tens digit of i(b)?
2
Suppose -5*f = 3*p - 0*f - 3696, -3*f = -4*p + 4957. What is the hundreds digit of p?
2
Let n(f) = 4*f**2 + f - 39. What is the hundreds digit of n(-9)?
2
Let t be (-142)/7 + (-2)/(-7). What is the tens digit of (3 - 3 - t) + 3?
2
Let m(w) = -888*w + 1 + 432*w + 427*w. Let p be 1 - 1/1 - 1. What is the units digit of m(p)?
0
Suppose -2*q + 4*a + 1035 = -7021, -4*q + 16119 = -a. What is the units digit of q?
0
Let l(y) = -y**2 - 11*y + 4. Let z be l(-11). Let x(u) = u - 1. Let c be x(z). Let r(k) = -k**3 + 3*k**2 + 3*k + 4. What is the units digit of r(c)?
3
Suppose 2*z - 4*s - 8639 - 1255 = 0, -4*z + 19803 = -3*s. What is the tens digit of z?
5
Let s(o) = 0*o + 24*o + 19 - 33*o + 26*o. What is the units digit of s(7)?
8
What is the units digit of (-4 - (972/(-16))/9)*92?
3
Let c be (-3)/(6/(-4)) - -1. Suppose 4*q + 0*q + 16 = -4*i, -i - 6 = c*q. Let x(a) = a**2 + 2*a + 1. What is the units digit of x(i)?
4
Suppose 5*u + 592 = 4*j, 3*j + 3*u - 475 = -u. Suppose y = j + 24. What is the units digit of y?
7
Suppose -77*n + 152 = -73*n. What is the units digit of n?
8
Suppose 5*i = i. Let u be 0 - i/(-3 - 0). What is the units digit of (u + -1)*1 - -18?
7
Suppose h + 5*l - 4*l = 636, -h + 3*l = -628. What is the hundreds digit of h?
6
What is the units digit of (-3 - -5)/(-16) - (-65925)/40?
8
Suppose 20*k - 55858 = -2*k. What is the tens digit of k?
3
Let o = 15 + 8. Let q = 64 - o. What is the units digit of q?
1
Suppose -17 = 2*w - 7*w - 2*z, -5*z = 2*w - 11. Let o(a) = 2*a**3 - 5*a**2 + 3*a + 1. What is the tens digit of o(w)?
1
Let l = -10 - -14. Suppose 3*q + 0*q = 9. Let s = l - q. What is the units digit of s?
1
Suppose m + 18 = c - 2*m, -2*c + 3*m + 24 = 0. What is the units digit of (-2 + c)/1 - -56?
0
Suppose -7*p + 8*p - 4 = 0. Suppose -p*u + 3*h + 39 = -0*h, -13 = 2*u + 5*h. What is the units digit of u?
6
Let s(u) = u**3 - 2*u**2 + 2*u - 76. What is the hundreds digit of s(10)?
7
Let y(p) = -p**3 + 6*p**2 - 5*p + 4. Let j be y(6). What is the tens digit of 4/j + 1304/26?
5
Let d = 13 + -1. Suppose 43 = -4*s + 59. Suppose -d = -4*r - 4*i + 40, r + 2 = -s*i. What is the tens digit of r?
1
Let g = -88 + 184. Let k = g - 53. Suppose -2*j = -k - 3. What is the units digit of j?
3
Let t(i) = 34*i**2 - 337*i - 17. What is the thousands digit of t(14)?
1
Suppose -c = 4*u - 22, 4*c - 42 = -u - 14. Let j = c - 4. Suppose 0 = j*t - 6. What is the units digit of t?
3
Let a = 111 - 95. What is the tens digit of 242 + (-3)/((-12)/a)?
4
Let l(n) = n + 10*n**2 + 3*n + 6*n**2 + 2 - 4*n**2. Let w be l(-3). Suppose -3*d = 15, -6 - w = -4*t + 4*d. What is the tens digit of t?
2
Suppose 2*w - 6 = -w. Let p be 8/4 + 2/w. Suppose 0 = -2*v + 5*b + 72, v + 72 = p*v + 2*b. What is the units digit of v?
6
Suppose 0 = -15*s + 11*s + 2784. What is the hundreds digit of s?
6
What is the units digit of 3 - ((-333)/(-6) - 0)*-10?
8
Let s be (1 + 0 - 1)/(-3). Suppose 2*b - 144 = -s*b. What is the tens digit of b?
7
Suppose 5*t = -3*b + 281, -4*b + 2*b + 2*t + 166 = 0. What is the units digit of b?
7
Suppose -5*g + 5430 + 1275 = 0. What is the tens digit of g?
4
Suppose 2*a + 2*a = -j + 88, 5*a - 3*j = 127. Let i = -12 + a. What is the tens digit of i?
1
Let i(l) = -2456*l**2 + 7 - 25 + 2458*l**2. What is the units digit of i(-7)?
0
Suppose -4*p - p = -3*j + 38, j + 14 = -5*p. What is the tens digit of (-2)/j*94*9/(-6)?
4
Suppose 0*k = 4*s + k - 3, -3 = s + k. Suppose -1 = s*a - 33. Suppose -3*c + a = c. What is the units digit of c?
4
Let h(x) = 5*x + 7. Let r(f) = 5*f + 6. Let o(u) = -5*h(u) + 4*r(u). What is the tens digit of o(-16)?
6
Let g(m) = m - 9. Let c(a) = 6*a - 45. Let o(y) = -5*c(y) + 24*g(y). Let k be o(4). What is the tens digit of 10/(-5) + (-1 - k)?
1
Suppose 0 = -4*y - 20, 3*z + 19 = -3*y + 223. Suppose p - 29 = -d, 64 = 3*p + 4*d - 19. Let a = z - p. What is the tens digit of a?
4
Let c = -130 + 173. What is